15 is divided by 13.
11
What is the remainder when 100 is divided by 15?
10
Calculate the remainder when 261 is divided by 54.
45
What is the remainder when 103 is divided by 29?
16
Calculate the remainder when 225 is divided by 25.
0
Calculate the remainder when 204 is divided by 11.
6
What is the remainder when 1648 is divided by 50?
48
What is the remainder when 1565 is divided by 56?
53
What is the remainder when 246 is divided by 6?
0
Calculate the remainder when 709 is divided by 9.
7
What is the remainder when 959 is divided by 219?
83
Calculate the remainder when 72 is divided by 31.
10
What is the remainder when 13 is divided by 6?
1
Calculate the remainder when 812 is divided by 273.
266
Calculate the remainder when 5098 is divided by 44.
38
Calculate the remainder when 37 is divided by 27.
10
Calculate the remainder when 539 is divided by 150.
89
Calculate the remainder when 8145 is divided by 84.
81
What is the remainder when 188 is divided by 91?
6
What is the remainder when 27728 is divided by 59?
57
What is the remainder when 1473 is divided by 82?
79
Calculate the remainder when 1557 is divided by 26.
23
What is the remainder when 109 is divided by 6?
1
What is the remainder when 165 is divided by 7?
4
Calculate the remainder when 175 is divided by 100.
75
Calculate the remainder when 3301 is divided by 56.
53
Calculate the remainder when 503 is divided by 23.
20
What is the remainder when 376 is divided by 10?
6
Calculate the remainder when 16408 is divided by 49.
42
Calculate the remainder when 1492 is divided by 185.
12
What is the remainder when 406 is divided by 11?
10
What is the remainder when 78 is divided by 20?
18
Calculate the remainder when 270 is divided by 162.
108
Calculate the remainder when 590 is divided by 128.
78
What is the remainder when 177 is divided by 85?
7
What is the remainder when 669 is divided by 21?
18
Calculate the remainder when 51 is divided by 14.
9
What is the remainder when 3014 is divided by 5?
4
Calculate the remainder when 376 is divided by 24.
16
Calculate the remainder when 7615 is divided by 64.
63
Calculate the remainder when 44 is divided by 24.
20
What is the remainder when 452 is divided by 79?
57
What is the remainder when 385 is divided by 75?
10
Calculate the remainder when 63 is divided by 11.
8
What is the remainder when 1785 is divided by 12?
9
What is the remainder when 2279 is divided by 163?
160
Calculate the remainder when 341 is divided by 118.
105
What is the remainder when 556 is divided by 70?
66
Calculate the remainder when 1077 is divided by 13.
11
What is the remainder when 292 is divided by 91?
19
Calculate the remainder when 313 is divided by 101.
10
Calculate the remainder when 319 is divided by 19.
15
What is the remainder when 110 is divided by 37?
36
What is the remainder when 145 is divided by 66?
13
Calculate the remainder when 64 is divided by 11.
9
What is the remainder when 2317 is divided by 143?
29
Calculate the remainder when 542 is divided by 80.
62
What is the remainder when 550 is divided by 24?
22
What is the remainder when 230 is divided by 37?
8
What is the remainder when 1734 is divided by 26?
18
Calculate the remainder when 49 is divided by 33.
16
What is the remainder when 1396 is divided by 175?
171
Calculate the remainder when 567 is divided by 95.
92
What is the remainder when 406 is divided by 31?
3
Calculate the remainder when 286 is divided by 146.
140
What is the remainder when 62717 is divided by 14?
11
What is the remainder when 77 is divided by 22?
11
What is the remainder when 1414 is divided by 128?
6
Calculate the remainder when 57 is divided by 18.
3
What is the remainder when 223 is divided by 85?
53
Calculate the remainder when 1852 is divided by 11.
4
Calculate the remainder when 1832 is divided by 496.
344
Calculate the remainder when 3022 is divided by 11.
8
What is the remainder when 409 is divided by 407?
2
What is the remainder when 76698 is divided by 325?
323
Calculate the remainder when 215 is divided by 27.
26
Calculate the remainder when 492 is divided by 26.
24
What is the remainder when 419 is divided by 70?
69
Calculate the remainder when 182 is divided by 45.
2
Calculate the remainder when 246 is divided by 84.
78
What is the remainder when 425 is divided by 103?
13
What is the remainder when 87 is divided by 5?
2
What is the remainder when 519 is divided by 89?
74
Calculate the remainder when 2457 is divided by 107.
103
Calculate the remainder when 489 is divided by 236.
17
Calculate the remainder when 90 is divided by 35.
20
What is the remainder when 3124 is divided by 6?
4
Calculate the remainder when 794 is divided by 5.
4
Calculate the remainder when 15058 is divided by 56.
50
What is the remainder when 238 is divided by 62?
52
Calculate the remainder when 573 is divided by 115.
113
Calculate the remainder when 3356 is divided by 28.
24
Calculate the remainder when 2235 is divided by 64.
59
Calculate the remainder when 1354 is divided by 12.
10
What is the remainder when 109 is divided by 41?
27
Calculate the remainder when 495 is divided by 163.
6
Calculate the remainder when 89 is divided by 45.
44
What is the remainder when 1266 is divided by 97?
5
What is the remainder when 766 is divided by 188?
14
Calculate the remainder when 536 is divided by 16.
8
Calculate the remainder when 2779 is divided by 139.
138
Calculate the remainder when 233 is divided by 102.
29
Calculate the remainder when 165 is divided by 23.
4
What is the remainder when 260 is divided by 27?
17
What is the remainder when 279 is divided by 2?
1
What is the remainder when 3576 is divided by 18?
12
Calculate the remainder when 445 is divided by 45.
40
Calculate the remainder when 297 is divided by 77.
66
What is the remainder when 1196 is divided by 4?
0
Calculate the remainder when 7522 is divided by 19.
17
Calculate the remainder when 412 is divided by 16.
12
What is the remainder when 2067 is divided by 138?
135
What is the remainder when 960 is divided by 13?
11
What is the remainder when 2453 is divided by 2445?
8
What is the remainder when 2012 is divided by 66?
32
What is the remainder when 279 is divided by 47?
44
What is the remainder when 282 is divided by 30?
12
Calculate the remainder when 108 is divided by 19.
13
Calculate the remainder when 76 is divided by 49.
27
What is the remainder when 149 is divided by 30?
29
What is the remainder when 18 is divided by 13?
5
What is the remainder when 251 is divided by 28?
27
What is the remainder when 8692 is divided by 185?
182
Calculate the remainder when 1258 is divided by 251.
3
Calculate the remainder when 646 is divided by 160.
6
What is the remainder when 529 is divided by 110?
89
What is the remainder when 136 is divided by 12?
4
Calculate the remainder when 3283 is divided by 5.
3
What is the remainder when 76 is divided by 16?
12
What is the remainder when 141 is divided by 79?
62
Calculate the remainder when 1149 is divided by 10.
9
What is the remainder when 185 is divided by 73?
39
What is the remainder when 21 is divided by 11?
10
What is the remainder when 129 is divided by 48?
33
What is the remainder when 743 is divided by 68?
63
Calculate the remainder when 15178 is divided by 110.
108
What is the remainder when 125 is divided by 34?
23
Calculate the remainder when 194 is divided by 33.
29
Calculate the remainder when 89 is divided by 46.
43
Calculate the remainder when 121 is divided by 19.
7
What is the remainder when 1003 is divided by 15?
13
What is the remainder when 10858 is divided by 15?
13
What is the remainder when 209 is divided by 117?
92
Calculate the remainder when 7523 is divided by 19.
18
Calculate the remainder when 828 is divided by 33.
3
What is the remainder when 58 is divided by 18?
4
Calculate the remainder when 28 is divided by 18.
10
Calculate the remainder when 914 is divided by 200.
114
What is the remainder when 145 is divided by 142?
3
What is the remainder when 758 is divided by 185?
18
Calculate the remainder when 553 is divided by 27.
13
Calculate the remainder when 18 is divided by 15.
3
Calculate the remainder when 87 is divided by 79.
8
What is the remainder when 117 is divided by 49?
19
Calculate the remainder when 77 is di